{"id":640,"date":"2026-05-08T15:35:33","date_gmt":"2026-05-08T15:35:33","guid":{"rendered":"https:\/\/wal-wueste-berg.de\/?page_id=640"},"modified":"2026-05-08T15:35:33","modified_gmt":"2026-05-08T15:35:33","slug":"zeit-zu-wandern","status":"publish","type":"page","link":"https:\/\/wal-wueste-berg.de\/?page_id=640","title":{"rendered":"Zeit zu Wandern"},"content":{"rendered":"\n<p>Sonntag, 17. Mai 2026, Treff: 13:30 Uhr am Wal- und W\u00fcsteberghaus, Start: 14:00 Uhr, Distanz: ca. 9 km<\/p>\n\n\n\n<p>Raus aus dem Alltag &#8211; rein in die Natur! Wir laden euch wieder herzlich zu einer gemeinsamen Wanderung ein. Lasst uns frische Luft tanken, die Natur genie\u00dfen.<\/p>\n\n\n\n<p>Wir freuen uns auch nach der Wanderung auf ein gem\u00fctliches Beisammensein mit guten Gespr\u00e4chen! F\u00fcr Speis und Trank ist gesorgt!<\/p>\n\n\n\n<figure class=\"wp-block-image size-large\"><img loading=\"lazy\" decoding=\"async\" width=\"724\" height=\"1024\" src=\"https:\/\/wal-wueste-berg.de\/wp-content\/uploads\/2026\/05\/20260517_Wanderung-724x1024.jpg\" alt=\"\" class=\"wp-image-641\" srcset=\"https:\/\/wal-wueste-berg.de\/wp-content\/uploads\/2026\/05\/20260517_Wanderung-724x1024.jpg 724w, https:\/\/wal-wueste-berg.de\/wp-content\/uploads\/2026\/05\/20260517_Wanderung-212x300.jpg 212w, https:\/\/wal-wueste-berg.de\/wp-content\/uploads\/2026\/05\/20260517_Wanderung-768x1086.jpg 768w, https:\/\/wal-wueste-berg.de\/wp-content\/uploads\/2026\/05\/20260517_Wanderung-1086x1536.jpg 1086w, https:\/\/wal-wueste-berg.de\/wp-content\/uploads\/2026\/05\/20260517_Wanderung-300x424.jpg 300w, https:\/\/wal-wueste-berg.de\/wp-content\/uploads\/2026\/05\/20260517_Wanderung-850x1202.jpg 850w, https:\/\/wal-wueste-berg.de\/wp-content\/uploads\/2026\/05\/20260517_Wanderung.jpg 1131w\" sizes=\"auto, (max-width: 724px) 100vw, 724px\" \/><\/figure>\n","protected":false},"excerpt":{"rendered":"<p>Sonntag, 17. Mai 2026, Treff: 13:30 Uhr am Wal- und W\u00fcsteberghaus, Start: 14:00 Uhr, Distanz: ca. 9 km Raus aus dem Alltag &#8211; rein in die Natur! Wir laden euch wieder herzlich zu einer gemeinsamen Wanderung ein. Lasst uns frische Luft tanken, die Natur genie\u00dfen. Wir freuen uns auch nach der Wanderung auf ein gem\u00fctliches&#8230;<\/p>\n","protected":false},"author":1,"featured_media":0,"parent":30,"menu_order":0,"comment_status":"closed","ping_status":"closed","template":"","meta":{"footnotes":""},"class_list":["post-640","page","type-page","status-publish","hentry"],"_links":{"self":[{"href":"https:\/\/wal-wueste-berg.de\/index.php?rest_route=\/wp\/v2\/pages\/640","targetHints":{"allow":["GET"]}}],"collection":[{"href":"https:\/\/wal-wueste-berg.de\/index.php?rest_route=\/wp\/v2\/pages"}],"about":[{"href":"https:\/\/wal-wueste-berg.de\/index.php?rest_route=\/wp\/v2\/types\/page"}],"author":[{"embeddable":true,"href":"https:\/\/wal-wueste-berg.de\/index.php?rest_route=\/wp\/v2\/users\/1"}],"replies":[{"embeddable":true,"href":"https:\/\/wal-wueste-berg.de\/index.php?rest_route=%2Fwp%2Fv2%2Fcomments&post=640"}],"version-history":[{"count":1,"href":"https:\/\/wal-wueste-berg.de\/index.php?rest_route=\/wp\/v2\/pages\/640\/revisions"}],"predecessor-version":[{"id":642,"href":"https:\/\/wal-wueste-berg.de\/index.php?rest_route=\/wp\/v2\/pages\/640\/revisions\/642"}],"up":[{"embeddable":true,"href":"https:\/\/wal-wueste-berg.de\/index.php?rest_route=\/wp\/v2\/pages\/30"}],"wp:attachment":[{"href":"https:\/\/wal-wueste-berg.de\/index.php?rest_route=%2Fwp%2Fv2%2Fmedia&parent=640"}],"curies":[{"name":"wp","href":"https:\/\/api.w.org\/{rel}","templated":true}]}}