{"id":592,"date":"2026-02-08T10:52:44","date_gmt":"2026-02-08T10:52:44","guid":{"rendered":"https:\/\/wal-wueste-berg.de\/?page_id=592"},"modified":"2026-02-08T10:53:44","modified_gmt":"2026-02-08T10:53:44","slug":"workshop-teezeit-im-winter-2","status":"publish","type":"page","link":"https:\/\/wal-wueste-berg.de\/?page_id=592","title":{"rendered":"Workshop \u201eTeezeit im Winter\u201c"},"content":{"rendered":"\n<p>Freitag, 27. Februar 2026 Beginn: 17:00 Uhr Workshop \u201eTeezeit im Winter\u201c<\/p>\n\n\n\n<p>Hier kannst du die wunderbare Welt von heimischen Kr\u00e4utern, Bl\u00e4ttern und Fr\u00fcchten im Tee erleben.<\/p>\n\n\n\n<figure class=\"wp-block-image size-full\"><img loading=\"lazy\" decoding=\"async\" width=\"546\" height=\"772\" src=\"https:\/\/wal-wueste-berg.de\/wp-content\/uploads\/2026\/02\/20260221_27_Teezeit-im-Winter-1.png\" alt=\"\" class=\"wp-image-593\" srcset=\"https:\/\/wal-wueste-berg.de\/wp-content\/uploads\/2026\/02\/20260221_27_Teezeit-im-Winter-1.png 546w, https:\/\/wal-wueste-berg.de\/wp-content\/uploads\/2026\/02\/20260221_27_Teezeit-im-Winter-1-212x300.png 212w, https:\/\/wal-wueste-berg.de\/wp-content\/uploads\/2026\/02\/20260221_27_Teezeit-im-Winter-1-300x424.png 300w\" sizes=\"auto, (max-width: 546px) 100vw, 546px\" \/><\/figure>\n","protected":false},"excerpt":{"rendered":"<p>Freitag, 27. Februar 2026 Beginn: 17:00 Uhr Workshop \u201eTeezeit im Winter\u201c Hier kannst du die wunderbare Welt von heimischen Kr\u00e4utern, Bl\u00e4ttern und Fr\u00fcchten im Tee erleben.<\/p>\n","protected":false},"author":1,"featured_media":0,"parent":30,"menu_order":0,"comment_status":"closed","ping_status":"closed","template":"","meta":{"footnotes":""},"class_list":["post-592","page","type-page","status-publish","hentry"],"_links":{"self":[{"href":"https:\/\/wal-wueste-berg.de\/index.php?rest_route=\/wp\/v2\/pages\/592","targetHints":{"allow":["GET"]}}],"collection":[{"href":"https:\/\/wal-wueste-berg.de\/index.php?rest_route=\/wp\/v2\/pages"}],"about":[{"href":"https:\/\/wal-wueste-berg.de\/index.php?rest_route=\/wp\/v2\/types\/page"}],"author":[{"embeddable":true,"href":"https:\/\/wal-wueste-berg.de\/index.php?rest_route=\/wp\/v2\/users\/1"}],"replies":[{"embeddable":true,"href":"https:\/\/wal-wueste-berg.de\/index.php?rest_route=%2Fwp%2Fv2%2Fcomments&post=592"}],"version-history":[{"count":1,"href":"https:\/\/wal-wueste-berg.de\/index.php?rest_route=\/wp\/v2\/pages\/592\/revisions"}],"predecessor-version":[{"id":594,"href":"https:\/\/wal-wueste-berg.de\/index.php?rest_route=\/wp\/v2\/pages\/592\/revisions\/594"}],"up":[{"embeddable":true,"href":"https:\/\/wal-wueste-berg.de\/index.php?rest_route=\/wp\/v2\/pages\/30"}],"wp:attachment":[{"href":"https:\/\/wal-wueste-berg.de\/index.php?rest_route=%2Fwp%2Fv2%2Fmedia&parent=592"}],"curies":[{"name":"wp","href":"https:\/\/api.w.org\/{rel}","templated":true}]}}