{"id":542,"date":"2025-05-04T15:53:19","date_gmt":"2025-05-04T15:53:19","guid":{"rendered":"https:\/\/wal-wueste-berg.de\/?page_id=542"},"modified":"2025-05-04T15:53:19","modified_gmt":"2025-05-04T15:53:19","slug":"pflanzenverkauf","status":"publish","type":"page","link":"https:\/\/wal-wueste-berg.de\/?page_id=542","title":{"rendered":"Pflanzenverkauf"},"content":{"rendered":"\n<p>Am Dienstag, dem 06. Mai 2025 von 13:00 Uhr bis 18:00 Uhr werden Pflanzen f\u00fcr den Garten und Balkon verkauft.<\/p>\n\n\n\n<p>Wir haben folgendes im Angebot:<br>&#8211; Gem\u00fcsepflanzen<br>&#8211; Beet- und Balkonpflanzen<br>&#8211; Kr\u00e4uter<br>&#8211; Gottesaugen k\u00f6nnen Sie bestellen<\/p>\n\n\n\n<p>F\u00fcr das leibliche Wohl ist in der Zeit gesorgt.<\/p>\n","protected":false},"excerpt":{"rendered":"<p>Am Dienstag, dem 06. Mai 2025 von 13:00 Uhr bis 18:00 Uhr werden Pflanzen f\u00fcr den Garten und Balkon verkauft. Wir haben folgendes im Angebot:&#8211; Gem\u00fcsepflanzen&#8211; Beet- und Balkonpflanzen&#8211; Kr\u00e4uter&#8211; Gottesaugen k\u00f6nnen Sie bestellen F\u00fcr das leibliche Wohl ist in der Zeit gesorgt.<\/p>\n","protected":false},"author":1,"featured_media":0,"parent":30,"menu_order":0,"comment_status":"closed","ping_status":"closed","template":"","meta":{"footnotes":""},"class_list":["post-542","page","type-page","status-publish","hentry"],"_links":{"self":[{"href":"https:\/\/wal-wueste-berg.de\/index.php?rest_route=\/wp\/v2\/pages\/542","targetHints":{"allow":["GET"]}}],"collection":[{"href":"https:\/\/wal-wueste-berg.de\/index.php?rest_route=\/wp\/v2\/pages"}],"about":[{"href":"https:\/\/wal-wueste-berg.de\/index.php?rest_route=\/wp\/v2\/types\/page"}],"author":[{"embeddable":true,"href":"https:\/\/wal-wueste-berg.de\/index.php?rest_route=\/wp\/v2\/users\/1"}],"replies":[{"embeddable":true,"href":"https:\/\/wal-wueste-berg.de\/index.php?rest_route=%2Fwp%2Fv2%2Fcomments&post=542"}],"version-history":[{"count":1,"href":"https:\/\/wal-wueste-berg.de\/index.php?rest_route=\/wp\/v2\/pages\/542\/revisions"}],"predecessor-version":[{"id":543,"href":"https:\/\/wal-wueste-berg.de\/index.php?rest_route=\/wp\/v2\/pages\/542\/revisions\/543"}],"up":[{"embeddable":true,"href":"https:\/\/wal-wueste-berg.de\/index.php?rest_route=\/wp\/v2\/pages\/30"}],"wp:attachment":[{"href":"https:\/\/wal-wueste-berg.de\/index.php?rest_route=%2Fwp%2Fv2%2Fmedia&parent=542"}],"curies":[{"name":"wp","href":"https:\/\/api.w.org\/{rel}","templated":true}]}}

<p>Am Dienstag, dem 06. Mai 2025 von 13:00 Uhr bis 18:00 Uhr werden Pflanzen für den Garten und Balkon verkauft.</p>



<p>Wir haben folgendes im Angebot:<br>&#8211; Gemüsepflanzen<br>&#8211; Beet- und Balkonpflanzen<br>&#8211; Kräuter<br>&#8211; Gottesaugen können Sie bestellen</p>



<p>Für das leibliche Wohl ist in der Zeit gesorgt.</p>

<p>Am Dienstag, dem 06. Mai 2025 von 13:00 Uhr bis 18:00 Uhr werden Pflanzen für den Garten und Balkon verkauft. Wir haben folgendes im Angebot:&#8211; Gemüsepflanzen&#8211; Beet- und Balkonpflanzen&#8211; Kräuter&#8211; Gottesaugen können Sie bestellen Für das leibliche Wohl ist in der Zeit gesorgt.</p>
