{"id":421,"date":"2024-11-07T18:57:22","date_gmt":"2024-11-07T18:57:22","guid":{"rendered":"https:\/\/wal-wueste-berg.de\/?page_id=421"},"modified":"2024-11-07T18:57:22","modified_gmt":"2024-11-07T18:57:22","slug":"workshop-die-kraft-der-kraeuter-straeucher-und-fruechte-fuer-den-winter-nutzen","status":"publish","type":"page","link":"https:\/\/wal-wueste-berg.de\/?page_id=421","title":{"rendered":"Workshop &#8222;Die Kraft der Kr\u00e4uter, Str\u00e4ucher und Fr\u00fcchte f\u00fcr den Winter nutzen&#8220;"},"content":{"rendered":"\n<p>Dienstag, 19. November 2024 Beginn 17:00 Uhr Workshop &#8222;Die Kraft der Kr\u00e4uter, Str\u00e4ucher und Fr\u00fcchte f\u00fcr den Winter nutzen&#8220;<\/p>\n\n\n\n<figure class=\"wp-block-image size-large\"><img loading=\"lazy\" decoding=\"async\" width=\"1024\" height=\"1024\" src=\"https:\/\/wal-wueste-berg.de\/wp-content\/uploads\/2024\/11\/image-1024x1024.png\" alt=\"\" class=\"wp-image-422\" srcset=\"https:\/\/wal-wueste-berg.de\/wp-content\/uploads\/2024\/11\/image-1024x1024.png 1024w, https:\/\/wal-wueste-berg.de\/wp-content\/uploads\/2024\/11\/image-300x300.png 300w, https:\/\/wal-wueste-berg.de\/wp-content\/uploads\/2024\/11\/image-150x150.png 150w, https:\/\/wal-wueste-berg.de\/wp-content\/uploads\/2024\/11\/image-768x769.png 768w, https:\/\/wal-wueste-berg.de\/wp-content\/uploads\/2024\/11\/image-850x851.png 850w, https:\/\/wal-wueste-berg.de\/wp-content\/uploads\/2024\/11\/image.png 1080w\" sizes=\"auto, (max-width: 1024px) 100vw, 1024px\" \/><\/figure>\n","protected":false},"excerpt":{"rendered":"<p>Dienstag, 19. November 2024 Beginn 17:00 Uhr Workshop &#8222;Die Kraft der Kr\u00e4uter, Str\u00e4ucher und Fr\u00fcchte f\u00fcr den Winter nutzen&#8220;<\/p>\n","protected":false},"author":1,"featured_media":0,"parent":30,"menu_order":0,"comment_status":"closed","ping_status":"closed","template":"","meta":{"footnotes":""},"class_list":["post-421","page","type-page","status-publish","hentry"],"_links":{"self":[{"href":"https:\/\/wal-wueste-berg.de\/index.php?rest_route=\/wp\/v2\/pages\/421","targetHints":{"allow":["GET"]}}],"collection":[{"href":"https:\/\/wal-wueste-berg.de\/index.php?rest_route=\/wp\/v2\/pages"}],"about":[{"href":"https:\/\/wal-wueste-berg.de\/index.php?rest_route=\/wp\/v2\/types\/page"}],"author":[{"embeddable":true,"href":"https:\/\/wal-wueste-berg.de\/index.php?rest_route=\/wp\/v2\/users\/1"}],"replies":[{"embeddable":true,"href":"https:\/\/wal-wueste-berg.de\/index.php?rest_route=%2Fwp%2Fv2%2Fcomments&post=421"}],"version-history":[{"count":1,"href":"https:\/\/wal-wueste-berg.de\/index.php?rest_route=\/wp\/v2\/pages\/421\/revisions"}],"predecessor-version":[{"id":423,"href":"https:\/\/wal-wueste-berg.de\/index.php?rest_route=\/wp\/v2\/pages\/421\/revisions\/423"}],"up":[{"embeddable":true,"href":"https:\/\/wal-wueste-berg.de\/index.php?rest_route=\/wp\/v2\/pages\/30"}],"wp:attachment":[{"href":"https:\/\/wal-wueste-berg.de\/index.php?rest_route=%2Fwp%2Fv2%2Fmedia&parent=421"}],"curies":[{"name":"wp","href":"https:\/\/api.w.org\/{rel}","templated":true}]}}