{"id":34,"date":"2020-01-18T12:56:08","date_gmt":"2020-01-18T12:56:08","guid":{"rendered":"http:\/\/wal-wueste-berg.de\/?page_id=34"},"modified":"2023-07-27T18:12:39","modified_gmt":"2023-07-27T18:12:39","slug":"pilgerherberge","status":"publish","type":"page","link":"https:\/\/wal-wueste-berg.de\/?page_id=34","title":{"rendered":"Pilgerherberge"},"content":{"rendered":"\n<p>Ansprechpartner f\u00fcr Pilger: Claudia Zickler &#8211; Pilgertelefon: 01522 7034531<\/p>\n\n\n\n<blockquote class=\"wp-block-quote is-layout-flow wp-block-quote-is-layout-flow\">\n<p><em>&#8222;\u00dcber den Hutberg verl\u00e4sst man die Stadt Kamenz. Wer den Hutberg nicht erklimmen m\u00f6chte, kann getrost auch auf der Stra\u00dfe rechts an ihm vorbei gehen. Von dort sind der Wal- und der W\u00fcsteberg zu sehen, zwischen denen urspr\u00fcnglich die alte Trasse f\u00fchrte, die auch heute noch begehbar ist (Roter Punkt bis zum Walberg, sodann Roter Strich bis nach Schwosdorf, dort Anschluss an den \u00d6kumenischen Pilgerweg). Der Pilgerweg nutzt die Alte Poststra\u00dfe \u00fcber Schwosdorf nach Reichenau. Der Wandel der Via Regia innerhalb dieses Gebietes wurde durch den Heimatverein K\u00f6nigsbr\u00fcck und Umgebung e.V. erforscht und auf einer &#8222;Historischen Orientierungskarte &#8211; Westlausitz\/Gro\u00dfenhainer Pflege&#8220; dargestellt.&#8220;<\/em> <\/p>\n<cite> (Quelle: Der \u00d6kumenische Pilgerweg) <\/cite><\/blockquote>\n\n\n\n<p>Das Wal- und W\u00fcsteberghaus ist unter anderem auch eine Herberge f\u00fcr Pilger. Es gibt ein Zweibett- und ein Dreibettzimmer. Auf unseren Dachb\u00f6den k\u00f6nnen bis zu 18 G\u00e4ste auf Matratzen \u00fcbernachten.<br>Eine moderne Dusche ist seit 2009 eingebaut. Im Erdgeschoss befindet sich eine kleine K\u00fcche f\u00fcr die Selbstversorgung und seit 2017 eine behindertengerechte Sanit\u00e4ranlage. Insgesamt stehen somit zwei Duschen und zwei Toiletten zur Verf\u00fcgung.<br>Abstellpl\u00e4tze f\u00fcr Fahrr\u00e4der sind vorhanden. Selbst ein Pferd kann auf der  benachbarten Koppel untergebracht werden. Zelten auf dem Grundst\u00fcck ist  m\u00f6glich. Wer mit Hund pilgert, bitte nachfragen ob dieser Nachts im gleichen Zimmer bleiben kann. Gegenseitige R\u00fccksichtnahme ist uns sehr wichtig.<\/p>\n\n\n\n<p> <\/p>\n","protected":false},"excerpt":{"rendered":"<p>Ansprechpartner f\u00fcr Pilger: Claudia Zickler &#8211; Pilgertelefon: 01522 7034531 &#8222;\u00dcber den Hutberg verl\u00e4sst man die Stadt Kamenz. Wer den Hutberg nicht erklimmen m\u00f6chte, kann getrost auch auf der Stra\u00dfe rechts an ihm vorbei gehen. Von dort sind der Wal- und der W\u00fcsteberg zu sehen, zwischen denen urspr\u00fcnglich die alte Trasse f\u00fchrte, die auch heute noch&#8230;<\/p>\n","protected":false},"author":1,"featured_media":0,"parent":0,"menu_order":0,"comment_status":"closed","ping_status":"closed","template":"","meta":{"footnotes":""},"class_list":["post-34","page","type-page","status-publish","hentry"],"_links":{"self":[{"href":"https:\/\/wal-wueste-berg.de\/index.php?rest_route=\/wp\/v2\/pages\/34","targetHints":{"allow":["GET"]}}],"collection":[{"href":"https:\/\/wal-wueste-berg.de\/index.php?rest_route=\/wp\/v2\/pages"}],"about":[{"href":"https:\/\/wal-wueste-berg.de\/index.php?rest_route=\/wp\/v2\/types\/page"}],"author":[{"embeddable":true,"href":"https:\/\/wal-wueste-berg.de\/index.php?rest_route=\/wp\/v2\/users\/1"}],"replies":[{"embeddable":true,"href":"https:\/\/wal-wueste-berg.de\/index.php?rest_route=%2Fwp%2Fv2%2Fcomments&post=34"}],"version-history":[{"count":11,"href":"https:\/\/wal-wueste-berg.de\/index.php?rest_route=\/wp\/v2\/pages\/34\/revisions"}],"predecessor-version":[{"id":289,"href":"https:\/\/wal-wueste-berg.de\/index.php?rest_route=\/wp\/v2\/pages\/34\/revisions\/289"}],"wp:attachment":[{"href":"https:\/\/wal-wueste-berg.de\/index.php?rest_route=%2Fwp%2Fv2%2Fmedia&parent=34"}],"curies":[{"name":"wp","href":"https:\/\/api.w.org\/{rel}","templated":true}]}}